ate the highest common divisor of f and 22.
11
Let f = -1590 + 1594. What is the highest common divisor of f and 484?
4
Let h = -47 - -65. Suppose 2 - h = -16*m. What is the greatest common divisor of 7 and m?
1
Let g = 0 + -4. Let k = g + 19. Suppose -8 = -3*f - 2*j + 47, 85 = 5*f + 2*j. Calculate the greatest common divisor of f and k.
15
Suppose 0 = 156*l - 162*l + 126. Calculate the highest common divisor of 756 and l.
21
Let i(p) = 2*p**2 - 4*p + 2. Let d = 5 + 2. Let n be i(d). What is the greatest common divisor of n and 18?
18
Let k = -15 - -27. Let i = 36 - k. Suppose -b = -2*j + 6*j - i, 2*b - 22 = 5*j. What is the highest common factor of b and 40?
8
Suppose -43 = -5*m + 47. Suppose -5*b - 3*a = 26, -2*b + 7*b - a + m = 0. Let v be (13 - -1)*(b - -5). Calculate the greatest common factor of v and 70.
14
Let u = 104 + -86. Calculate the greatest common factor of u and 2.
2
Suppose 87 = 19*z - 141. Let x be 4/(-6) - 40/(-6). Suppose p - x = -p. Calculate the highest common divisor of z and p.
3
Suppose 2*b + 180 = 206. Calculate the highest common factor of 559 and b.
13
Let k be 41958/1053 + ((-2)/(-78))/((-4)/(-24)). Let s = 12 + 4. What is the greatest common divisor of s and k?
8
Suppose -q + 10 + 29 = 3*d, 4*q + 26 = d. Let x(z) = 5*z - 45. Let h be x(d). Calculate the highest common factor of h and 5.
5
Let l = -356 + 440. Calculate the highest common factor of l and 112.
28
Let k = 496 + -421. What is the greatest common divisor of 6 and k?
3
Let n(t) = -2*t**3 - t**2 + 5*t + 18. Let v be n(-4). What is the highest common factor of 66 and v?
22
Let o be 80/(6 + -1)*(-1 + 2). Suppose -4*w = -2*p + 28, 3*w + 23 = -5*p + 158. What is the greatest common divisor of o and p?
8
Suppose -24*f + 263 = -889. Calculate the highest common divisor of f and 72.
24
Let i be 1/2 + (-15)/(-2). Suppose -40*a + 39*a - 2*d + 36 = 0, -2*d + 4 = 0. Calculate the highest common factor of i and a.
8
Suppose 23*h - 21*h = 972. What is the highest common factor of 18 and h?
18
Suppose 43*l + 78 = 46*l. What is the greatest common divisor of l and 611?
13
Let t = 1682 + -782. What is the highest common divisor of t and 45?
45
Suppose -4*b = 3*p - 243, -2*p + 5*b + 150 = -12. Calculate the highest common divisor of p and 162.
81
Let n = -37 - -42. Let x(r) = 84*r**3 - r. Let o be x(1). Let a = o + -48. Calculate the highest common divisor of n and a.
5
Let s(i) = 12*i + 7*i + 23 - 20*i. Let u be s(18). What is the highest common divisor of u and 55?
5
Let b = -292 + 307. Calculate the greatest common factor of 15 and b.
15
Let w(q) = -19*q + 21. Let t be w(0). Calculate the highest common factor of 175 and t.
7
Suppose 3*q - 14 = 13. Suppose -4*x = -q*x. Suppose 0 = 4*u + 3*j - 628, x = 4*j + j - 20. Calculate the greatest common divisor of 22 and u.
22
Suppose 3*z + 9 = 6*z. Suppose -10 = 5*b - 45. Suppose -13 + b = -z*v. What is the greatest common factor of 18 and v?
2
Let z(j) = j**3 - 8*j**2 + j + 10. Let u be z(8). Suppose -g = -0*g - u. Calculate the greatest common divisor of 198 and g.
18
Suppose 6*o + 3 = -99. Let q be o*(4/(-1))/4. What is the highest common divisor of 68 and q?
17
Suppose 4*w + 4*l - 8 = 0, w + 4*l = -4 - 3. Suppose w*f - 6 = 3*f. Suppose 0 = z + 4 - 8, -f*z = 2*i - 28. Calculate the greatest common factor of 2 and i.
2
Let s be (-5 - -3)/(1*2)*-19. Suppose -s*x + 90 = -13*x. What is the greatest common factor of x and 15?
15
Let h(m) = -m**2 + 12*m + 4. Let p be h(4). Calculate the greatest common divisor of p and 126.
18
Let s = 165 + -63. Calculate the greatest common divisor of s and 48.
6
Let b be (159/106)/(1/4). What is the highest common divisor of b and 8?
2
Let q(p) = p + 9. Let z be q(18). Let w = 33 - z. What is the highest common divisor of w and 3?
3
Let n = 39 + -21. Suppose 183 = 3*t - 3*s, 3*t - 2*s - 153 = -5*s. Let p = 83 - t. What is the greatest common divisor of n and p?
9
Suppose 5*n + 2*r - 147 = 0, -26 = -5*n + 4*n + 3*r. Suppose -3*c = -4*c + 319. What is the greatest common factor of n and c?
29
Let v be 3/(-6) + (-505)/(-10). Suppose 2*b - v = -3*g - 12, 18 = 3*g - 3*b. What is the highest common factor of g and 65?
5
Let k be (12/20*10)/(4/12). What is the highest common divisor of 576 and k?
18
Let a(y) = y**3 - 10*y**2 + 4. Let l be a(10). Let r be ((-6)/l)/(-1*4/40). Calculate the highest common factor of 135 and r.
15
Suppose -2*m + 16 = 2*m. Suppose -y - y + 26 = 4*o, m*y = 2*o + 2. Suppose -192 = -y*s - s. What is the highest common factor of 12 and s?
12
Let j(a) = 20*a + 679. Let q be j(0). Calculate the highest common factor of q and 14.
7
Suppose 0 = 3*l - 3 - 3. Suppose 5 = 4*g - 3*q + 4, -2*q = -l. Let c be (-3)/g - -3 - -1. Calculate the highest common divisor of 3 and c.
1
Suppose 0 = -45*p + 53*p - 1840. What is the greatest common factor of p and 184?
46
Suppose 2*r = -5 + 3. Let i(d) = 10*d**2 - d. Let w be i(r). Suppose b = -0*b + 88. What is the highest common factor of w and b?
11
Suppose -y + 6 = y, 18 = -3*q + 3*y. Let j(a) = -a - 196 + 90 - 3*a + 98. Let p be j(q). What is the greatest common divisor of p and 28?
4
Let u be 3 - 8/2 - (0 + -3). Suppose -w = u*l + 4*w - 30, -4*w - 28 = -l. What is the highest common factor of l and 4?
4
Let o = 11 + -7. Suppose 49 = o*j + 3*m, -2*j = -3*m + 2*m - 17. Let w be 78 - (0 + 2)*-1. What is the highest common factor of j and w?
10
Suppose 42*p = 65*p - 2093. What is the highest common factor of p and 13?
13
Let y be 3/(-12) - (-21)/4. Suppose 173 - 48 = y*x. Let w be 3/(-4) + 2515/20. Calculate the highest common divisor of w and x.
25
Suppose -3*i + 24 = i. Suppose -580 = -i*c + c + 5*n, 462 = 4*c - 3*n. Calculate the greatest common divisor of 38 and c.
38
Suppose 0 = -8*i - 30 + 814. Calculate the highest common divisor of 1519 and i.
49
Let z be (0 - -2)/(3/63). Suppose -y + 4*y - z = 0. Let i(v) = -44*v + 10. Let f be i(-2). Calculate the highest common factor of y and f.
14
Suppose h + 5*f - 146 = 0, -7*h + 664 = -3*h + 4*f. Suppose -4*x + 2*x + 2*c = -34, -c = -5*x + 93. Calculate the highest common divisor of h and x.
19
Suppose 5*y = -2*y + 21. Suppose l + 15 = -4*l, j = -y*l + 71. What is the greatest common factor of j and 16?
16
Suppose -d + 4*h + 34 = 0, 3*d = -5*h + 2*h + 87. Let r be (-20)/3*3/(-2). What is the highest common factor of d and r?
10
Let f(z) = -z**2 - z + 4. Let g(i) = -2*i**2 + 13*i - 2. Let a be g(6). Let r be f(a). Let m be 4/(r/6)*-6. What is the greatest common divisor of m and 36?
9
Let u = 50 + -22. Calculate the greatest common divisor of u and 56.
28
Let p = 1264 - 1100. Calculate the greatest common factor of 205 and p.
41
Let b(o) = -2*o + 19. Let a be b(7). Let h be a*(-4 + (-84)/(-15)). Calculate the greatest common divisor of 8 and h.
8
Let k(c) = 2*c**2 - 41*c + 239. Let o be k(5). Calculate the highest common factor of 16 and o.
4
Let b = -4218 - -6055. Let u = b + -1060. Suppose 0 = 5*s + 3*l - u + 246, 213 = 2*s + l. What is the highest common divisor of 12 and s?
12
Let t be 84/10 - (-2)/(-5). What is the highest common divisor of 8 and t?
8
Suppose 29*y + 7*y - 36 = 0. Suppose 1 = 5*k + 6, -3*l + 32 = k. What is the highest common divisor of l and y?
1
Let n be ((-984)/(2 + 1))/((-26)/130). Calculate the greatest common factor of n and 40.
40
Suppose -13 - 5 = -2*i - 2*n, 4*n = 4*i - 60. Calculate the highest common divisor of i and 32.
4
Let t(i) = -i**2 - i. Let p be t(0). Let s be -2*(-13 + p + 1). Suppose -120 - 60 = -3*x. What is the greatest common divisor of s and x?
12
Let l(i) = 6*i**2 + i - 4. Let z(q) = q**2 + q + 1. Let y(j) = l(j) - 5*z(j). Let o be y(7). What is the greatest common factor of o and 30?
6
Let x = 18 + -16. Suppose -s + 3 = x. Calculate the greatest common divisor of 11 and s.
1
Suppose -2*f - 2*f + 12 = 0. Suppose b - 7 = f. Let t = b + 5. What is the greatest common factor of 75 and t?
15
Let j(g) = 111*g - 3. Let z be j(1). Suppose 0 = b + 5*b - z. What is the greatest common factor of b and 72?
18
Let d(c) = 5*c**2 - 10*c + 6. Let b be d(7). Let q be (-13)/52 + b/4. What is the greatest common divisor of 30 and q?
15
Let h(x) = -2*x**2 + 36*x + 2. Let f be h(18). Suppose 0 = -f*b + 5*y + 23, -4*b - 5*y + 4 = -3*b. Calculate the highest common divis